13 (base 9) in base 12?
-10
-5 (base 9) to base 16
-5
2 (base 3) to base 4
2
Convert -3 (base 4) to base 6.
-3
-4 (base 14) to base 15
-4
Convert -12 (base 4) to base 5.
-11
What is 224 (base 6) in base 5?
323
Convert 1 (base 2) to base 3.
1
Convert -2 (base 13) to base 5.
-2
Convert 1002 (base 3) to base 9.
32
-25 (base 6) to base 3
-122
100 (base 2) to base 7
4
Convert -2 (base 16) to base 14.
-2
Convert -5 (base 13) to base 8.
-5
What is 1010100 (base 2) in base 16?
54
Convert -a (base 15) to base 4.
-22
-1 (base 7) to base 16
-1
What is 112 (base 5) in base 16?
20
Convert 16 (base 7) to base 2.
1101
What is 1 (base 10) in base 12?
1
What is -20 (base 3) in base 6?
-10
Convert -d (base 15) to base 13.
-10
Convert 1233 (base 4) to base 8.
157
Convert 10 (base 4) to base 13.
4
What is 33 (base 8) in base 16?
1b
What is -21 (base 3) in base 4?
-13
Convert 11 (base 4) to base 5.
10
-5 (base 8) to base 3
-12
What is -111 (base 5) in base 6?
-51
40 (base 15) to base 5
220
-1100 (base 2) to base 7
-15
1 (base 10) to base 4
1
What is 11 (base 2) in base 11?
3
-11 (base 2) to base 4
-3
1 (base 9) to base 12
1
2 (base 15) to base 8
2
Convert 10 (base 15) to base 16.
f
What is 11 (base 2) in base 13?
3
What is -10 (base 12) in base 4?
-30
What is 5a (base 16) in base 12?
76
What is 11 (base 3) in base 15?
4
What is -2 (base 16) in base 7?
-2
2 (base 3) to base 12
2
1a (base 15) to base 11
23
What is 3 (base 8) in base 10?
3
What is -8 (base 14) in base 12?
-8
134 (base 15) to base 13
181
3 (base 10) to base 16
3
-1122 (base 3) to base 12
-38
What is -4 (base 11) in base 9?
-4
4 (base 6) to base 14
4
What is 33 (base 8) in base 6?
43
2 (base 16) to base 8
2
Convert -4 (base 11) to base 9.
-4
1 (base 14) to base 8
1
Convert -6 (base 7) to base 16.
-6
What is -6 (base 12) in base 16?
-6
-100 (base 2) to base 13
-4
Convert 47 (base 9) to base 8.
53
What is 34 (base 15) in base 12?
41
What is -1014 (base 5) in base 3?
-11222
Convert -322 (base 8) to base 14.
-110
Convert -80 (base 15) to base 6.
-320
10 (base 13) to base 12
11
Convert 20 (base 3) to base 15.
6
What is -2 (base 4) in base 11?
-2
232 (base 4) to base 13
37
What is -11011 (base 2) in base 8?
-33
-4 (base 12) to base 11
-4
f6 (base 16) to base 14
138
Convert 2 (base 16) to base 14.
2
Convert -5 (base 7) to base 4.
-11
Convert 223 (base 5) to base 4.
333
452 (base 7) to base 9
278
What is 1a1 (base 11) in base 12?
174
What is 55 (base 9) in base 14?
38
Convert 24 (base 11) to base 2.
11010
Convert 0 (base 6) to base 10.
0
143 (base 5) to base 15
33
-6 (base 15) to base 10
-6
Convert 0 (base 7) to base 10.
0
-31 (base 10) to base 2
-11111
Convert -10111 (base 2) to base 12.
-1b
What is -300 (base 5) in base 2?
-1001011
What is -30 (base 12) in base 15?
-26
What is -2a2 (base 12) in base 9?
-505
Convert 210 (base 5) to base 7.
106
-4 (base 8) to base 11
-4
What is 2 (base 11) in base 16?
2
Convert -15 (base 9) to base 2.
-1110
Convert -3 (base 15) to base 16.
-3
10 (base 3) to base 7
3
What is -239 (base 10) in base 15?
-10e
-30 (base 9) to base 13
-21
What is 3 (base 5) in base 2?
11
Convert -6 (base 11) to base 9.
-6
6 (base 9) to base 6
10
What is 2 (base 4) in base 3?
2
What is -7 (base 11) in base 4?
-13
What is -11 (base 3) in base 11?
-4
5 (base 12) to base 3
12
What is 11 (base 14) in base 2?
1111
What is 2 (base 5) in base 10?
2
What is -18 (base 11) in base 6?
-31
Convert -29 (base 15) to base 10.
-39
10001 (base 3) to base 12
6a
-2 (base 14) to base 8
-2
What is -110 (base 2) in base 11?
-6
Convert 1 (base 16) to base 8.
1
What is 27 (base 9) in base 5?
100
What is -10110 (base 2) in base 3?
-211
Convert 147 (base 8) to base 6.
251
8 (base 12) to base 14
8
Convert -106 (base 10) to base 16.
-6a
What is 414 (base 7) in base 16?
cf
1 (base 3) to base 5
1
What is -111 (base 10) in base 12?
-93
-3 (base 8) to base 6
-3
What is 0 (base 11) in base 8?
0
What is -107 (base 13) in base 10?
-176
Convert 1 (base 5) to base 3.
1
What is 102 (base 5) in base 15?
1c
Convert 103 (base 4) to base 12.
17
Convert d (base 14) to base 15.
d
2a (base 12) to base 8
42
-13 (base 7) to base 15
-a
-5 (base 11) to base 6
-5
5 (base 9) to base 4
11
-1 (base 9) to base 15
-1
-1 (base 13) to base 3
-1
Convert 15 (base 9) to base 14.
10
What is -6 (base 15) in base 4?
-12
What is -20 (base 8) in base 11?
-15
-84 (base 10) to base 15
-59
Convert 97 (base 11) to base 10.
106
What is -214 (base 7) in base 8?
-155
3 (base 9) to base 10
3
Convert -4 (base 7) to base 5.
-4
What is 2031 (base 4) in base 2?
10001101
Convert -5 (base 8) to base 6.
-5
-2 (base 4) to base 10
-2
What is -14 (base 5) in base 6?
-13
What is 19 (base 13) in base 8?
26
Convert 4 (base 7) to base 15.
4
Convert 220 (base 4) to base 14.
2c
What is 4 (base 7) in base 12?
4
Convert 64 (base 12) to base 16.
4c
-2 (base 16) to base 11
-2
13 (base 5) to base 14
8
-114 (base 10) to base 12
-96
What is 262 (base 10) in base 6?
1114
3 (base 8) to base 4
3
What is -112 (base 3) in base 2?
-1110
Convert 3 (base 6) to base 15.
3
20 (base 4) to base 14
8
6a (base 15) to base 10
100
-47 (base 10) to base 9
-52
-6 (base 11) to base 12
-6
Convert 41 (base 13) to base 11.
49
13 (base 14) to base 15
12
What is 77 (base 11) in base 16?
54
Convert -3 (base 12) to base 7.
-3
What is 1 (base 14) in base 12?
1
What is -6 (base 7) in base 11?
-6
What is -1 (base 2) in base 16?
-1
What is 10 (base 6) in base 4?
12
What is 16 (base 11) in base 2?
10001
What is 122 (base 3) in base 13?
14
Convert -18 (base 13) to base 2.
-10101
100 (base 3) to base 11
9
Convert -3 (base 15) to base 14.
-3
0 (base 7) to base 2
0
Convert 416 (base 7) to base 9.
252
6 (base 12) to base 13
6
Convert -35 (base 14) to base 10.
-47
What is 0 (base 11) in base 14?
0
Convert 2 (base 10) to base 5.
2
What is -13 (base 11) in base 4?
-32
-1 (base 10) to base 4
-1
Convert -4 (base 6) to base 3.
-11
Convert -60 (base 10) to base 13.
-48
Convert 3 (base 8) to base 9.
3
Convert -5 (base 12) to base 7.
-5
Convert -2 (base 16) to base 14.
-2
Convert -10111 (base 2) to base 9.
-25
21 (base 6) to base 11
12
What is 0 (base 12) in base 5?
0
What is 3 (base 5) in base 4?
3
What is 101 (base 3) in base 13?
a
11 (base 7) to base 8
10
Convert 3 (base 7) to base 4.
3
What is -c (base 16) in base 14?
-c
Convert 2 (base 9) to base 2.
10
Convert 11 (base 2) to base 10.
3
-2 (base 8) to base 6
-2
What is 121 (base 3) in base 16?
10
What is 10 (base 7) in base 9?
7
Convert 3 (base 16) to base 6.
3
Convert -223 (base 6) to base 7.
-153
-12102 (base 3) to base 10
-146
Convert -15 (base 8) to base 9.
-14
What is 2 (base 11) in base 16?
2
-2 (base 11) to base 3
-2
What is -2 (base 4) in base 11?
-2
What is 1 (base 5) in base 11?
1
Convert 10 (base 2) to base 16.
2
Convert 454 (base 7) to base 11.
1a4
What is 54 (base 10) in base 7?
105
Convert 4 (base 6) to base 10.
4
What is -102 (base 3) in base 7?
-14
-57 (base 8) to base 14
-35
-2 (base 5) to base 10
-2
111110 (base 2) to base 16
3e
Convert -26 (base 11) to base 6.
-44
6 (base 14) to base 12
6
Convert 144 (base 9) to base 6.
321
What is -3 (base 14) in base 3?
-10
What is 2111 (base 3) in base 14?
4b
What is -4 (base 6) in base 3?
-11
13 (base 11) to base 2
1110
What is -6 (base 7) in base 4?
-12
What is 0 (base 11) in base 12?
0
Convert 0 (base 6) to base 3.
0
Convert 84 (base 10) to base 5.
314
-24 (base 14) to base 11
-2a
What is 1 (base 15) in base 12?
1
Convert 60 (base 8) to base 4.
300
What is 3b (base 14) in base 13?
41
What is -6 (base 12) in base 5?
-11
Convert 5 (base 8) to base 5.
10
-35 (base 6) to base 8
-27
4 (base 15) to base 10
4
103 (base 5) to base 9
31
-12 (base 4) to base 7
-6
What is -5 (base 6) in base 10?
-5
-6 (base 13) to base 6
-10
-5 (base 7) to base 12
-5
What is 0 (base 5) in base 7?
0
-3 (base 6) to base 16
-3
Convert -14 (base 5) to base 4.
-21
Convert -663 (base 7) to base 12.
-243
110 (base 2) to base 11
6
What is 24 (base 9) in base 8?
26
Convert 1202 (base 3) to base 8.
57
What is 22 (base 10) in base 12?
1a
What is 18 (base 16) in base 7?
33
What is 5 (base 8) in base 5?
10
What is -1 (base 9) in base 7?
-1
Convert 5 (base 16) to base 7.
5
Convert 1 (base 15) to base 6.
1
100 (base 7) to base 5
144
What is 105 (base 6) in base 14